{"id":934,"date":"2019-02-07T11:31:33","date_gmt":"2019-02-07T09:31:33","guid":{"rendered":"https:\/\/staging.turkiskasvattajat.fi\/?post_type=fact&#038;p=934"},"modified":"2019-02-07T11:31:33","modified_gmt":"2019-02-07T09:31:33","slug":"24","status":"publish","type":"fact","link":"https:\/\/staging.turkiskasvattajat.fi\/sv\/fact\/24\/","title":{"rendered":"#24"},"content":{"rendered":"<p><strong>Visste du att Finlands P\u00e4lsuppf\u00f6dare har f\u00f6rbundit sig till <a href=\"https:\/\/www.facebook.com\/balticseaactiongroup\/?__xts__%5B0%5D=33.%7B%22logging_data%22%3A%7B%22page_id%22%3A537589880000317%2C%22event_type%22%3A%22clicked_all_page_posts%22%2C%22impression_info%22%3A%22eyJmIjp7InBhZ2VfaWQiOiI1Mzc1ODk4ODAwMDAzMTciLCJpdGVtX2NvdW50IjoiMCJ9fQ%22%2C%22surface%22%3A%22www_pages_home%22%2C%22interacted_story_type%22%3A%22565413710334575%22%2C%22session_id%22%3A%2265582573d739563b7a3eff599361410c%22%7D%7D&#038;__xts__%5B1%5D=68.ARCyvEDQLJ6p2iVvemooZDFrSh_r7nW7OYBN33ePzsDf5TzzFtexXQcTZlq7e-H-2D_Zpfmw5omW1IlvBHo8EXL2QU8PwNeDqi2G3wcxRThWEW3ULvYITI7wPLGi9knDhOnEVoyvtuRUfCCGX3Jh7gA_QLh4VOLvARP6ZDjdkw6h79pQPfUz7i5tWQEDLSpuor6NVQCt-rKBKSkME37JSV7EXuEDO7CH9Gc5qzsALlFPHTcVl0VX5kcpf5mvpPzQweEH5d6ybwLKBm7TWh31hO-ffvEqAIWmRzmN1uf2gSIrijHS3BjHClwar-XwvZVHIXIHRzFxhuqCKE4DwWLGyig&#038;__tn__=K-R&#038;eid=ARCXQB6GdhSxzOaTFYcgTG0ciTWAlwuXIEarf8mSkmWIVNHrjwOrbaB6BQk6n3rIrTryVKG5wfkgtylM&#038;fref=mentions\" rel=\"noopener\" target=\"_blank\">Baltic Sea Action Group<\/a>, som har som m\u00e5l att \u00e5terst\u00e4lla den ekologiska balansen i \u00d6stersj\u00f6n?<\/strong><\/p>\n","protected":false},"template":"","custom_data":{"newsfeed_image":"","posttype_name":"100 fakta","excerpt":"Visste du att Finlands P\u00e4lsuppf\u00f6dare har f\u00f6rbundit sig till Baltic Sea Action Group, som har som m\u00e5l att \u00e5terst\u00e4lla den ekologiska balansen i \u00d6stersj\u00f6n?"},"_links":{"self":[{"href":"https:\/\/staging.turkiskasvattajat.fi\/sv\/wp-json\/wp\/v2\/fact\/934"}],"collection":[{"href":"https:\/\/staging.turkiskasvattajat.fi\/sv\/wp-json\/wp\/v2\/fact"}],"about":[{"href":"https:\/\/staging.turkiskasvattajat.fi\/sv\/wp-json\/wp\/v2\/types\/fact"}],"wp:attachment":[{"href":"https:\/\/staging.turkiskasvattajat.fi\/sv\/wp-json\/wp\/v2\/media?parent=934"}],"curies":[{"name":"wp","href":"https:\/\/api.w.org\/{rel}","templated":true}]}}

<p><strong>Visste du att Finlands Pälsuppfödare har förbundit sig till <a href="https://www.facebook.com/balticseaactiongroup/?__xts__%5B0%5D=33.%7B%22logging_data%22%3A%7B%22page_id%22%3A537589880000317%2C%22event_type%22%3A%22clicked_all_page_posts%22%2C%22impression_info%22%3A%22eyJmIjp7InBhZ2VfaWQiOiI1Mzc1ODk4ODAwMDAzMTciLCJpdGVtX2NvdW50IjoiMCJ9fQ%22%2C%22surface%22%3A%22www_pages_home%22%2C%22interacted_story_type%22%3A%22565413710334575%22%2C%22session_id%22%3A%2265582573d739563b7a3eff599361410c%22%7D%7D&#038;__xts__%5B1%5D=68.ARCyvEDQLJ6p2iVvemooZDFrSh_r7nW7OYBN33ePzsDf5TzzFtexXQcTZlq7e-H-2D_Zpfmw5omW1IlvBHo8EXL2QU8PwNeDqi2G3wcxRThWEW3ULvYITI7wPLGi9knDhOnEVoyvtuRUfCCGX3Jh7gA_QLh4VOLvARP6ZDjdkw6h79pQPfUz7i5tWQEDLSpuor6NVQCt-rKBKSkME37JSV7EXuEDO7CH9Gc5qzsALlFPHTcVl0VX5kcpf5mvpPzQweEH5d6ybwLKBm7TWh31hO-ffvEqAIWmRzmN1uf2gSIrijHS3BjHClwar-XwvZVHIXIHRzFxhuqCKE4DwWLGyig&#038;__tn__=K-R&#038;eid=ARCXQB6GdhSxzOaTFYcgTG0ciTWAlwuXIEarf8mSkmWIVNHrjwOrbaB6BQk6n3rIrTryVKG5wfkgtylM&#038;fref=mentions" rel="noopener" target="_blank">Baltic Sea Action Group</a>, som har som mål att återställa den ekologiska balansen i Östersjön?</strong></p>

Visste du att Finlands Pälsuppfödare har förbundit sig till Baltic Sea Action Group, som har som mål att återställa den ekologiska balansen i Östersjön?
