{"id":283,"date":"2018-12-14T12:33:42","date_gmt":"2018-12-14T10:33:42","guid":{"rendered":"https:\/\/staging.turkiskasvattajat.fi\/?p=283"},"modified":"2018-12-14T12:33:42","modified_gmt":"2018-12-14T10:33:42","slug":"9","status":"publish","type":"fact","link":"https:\/\/staging.turkiskasvattajat.fi\/sv\/fact\/9\/","title":{"rendered":"#9"},"content":{"rendered":"<p><strong>Visste du att tr\u00e5d g\u00f6rs av den vinterp\u00e4ls som r\u00e4varna f\u00e4ller?<\/strong> N\u00e4r denna kombineras med exempelvis f\u00e5rull f\u00e5s ett material som \u00e4r mjukt, t\u00e5ligt och varmare \u00e4n enbart f\u00e5rull.\u2028<\/p>\n","protected":false},"template":"","custom_data":{"newsfeed_image":"","posttype_name":"100 fakta","excerpt":"Visste du att tr\u00e5d g\u00f6rs av den vinterp\u00e4ls som r\u00e4varna f\u00e4ller? N\u00e4r denna kombineras med exempelvis f\u00e5rull f\u00e5s ett material som \u00e4r mjukt, t\u00e5ligt och varmare \u00e4n enbart f\u00e5rull.\u2028"},"_links":{"self":[{"href":"https:\/\/staging.turkiskasvattajat.fi\/sv\/wp-json\/wp\/v2\/fact\/283"}],"collection":[{"href":"https:\/\/staging.turkiskasvattajat.fi\/sv\/wp-json\/wp\/v2\/fact"}],"about":[{"href":"https:\/\/staging.turkiskasvattajat.fi\/sv\/wp-json\/wp\/v2\/types\/fact"}],"wp:attachment":[{"href":"https:\/\/staging.turkiskasvattajat.fi\/sv\/wp-json\/wp\/v2\/media?parent=283"}],"curies":[{"name":"wp","href":"https:\/\/api.w.org\/{rel}","templated":true}]}}

<p><strong>Visste du att tråd görs av den vinterpäls som rävarna fäller?</strong> När denna kombineras med exempelvis fårull fås ett material som är mjukt, tåligt och varmare än enbart fårull. </p>

Visste du att tråd görs av den vinterpäls som rävarna fäller? När denna kombineras med exempelvis fårull fås ett material som är mjukt, tåligt och varmare än enbart fårull.
